r of 2 and 18?
2
Calculate the highest common factor of 161 and 147.
7
What is the greatest common factor of 1695 and 15?
15
What is the greatest common divisor of 767 and 26?
13
What is the greatest common divisor of 1 and 4?
1
Calculate the greatest common divisor of 17 and 119.
17
What is the greatest common factor of 6724 and 492?
164
Calculate the greatest common divisor of 203 and 58.
29
Calculate the highest common factor of 11998 and 28.
14
Calculate the highest common divisor of 1126 and 8.
2
Calculate the greatest common divisor of 20 and 20.
20
Calculate the greatest common divisor of 144 and 162.
18
Calculate the highest common divisor of 2574 and 1782.
198
Calculate the greatest common divisor of 11924 and 44.
44
What is the greatest common divisor of 168 and 768?
24
Calculate the greatest common divisor of 5 and 85.
5
Calculate the highest common factor of 80 and 540.
20
What is the greatest common divisor of 19 and 361?
19
What is the highest common factor of 22 and 506?
22
Calculate the highest common factor of 168 and 8.
8
What is the highest common divisor of 18 and 35766?
18
What is the greatest common divisor of 9234 and 38?
38
What is the greatest common divisor of 182 and 52?
26
What is the greatest common divisor of 1530 and 9?
9
What is the highest common factor of 1140 and 255?
15
Calculate the greatest common divisor of 14775 and 75.
75
What is the highest common factor of 36 and 24?
12
Calculate the highest common factor of 58 and 1305.
29
Calculate the highest common factor of 94 and 47.
47
What is the highest common factor of 276 and 598?
46
Calculate the highest common divisor of 32 and 6.
2
Calculate the greatest common divisor of 66 and 6.
6
What is the highest common divisor of 672 and 84?
84
Calculate the highest common divisor of 89166 and 66.
66
What is the greatest common divisor of 7 and 455?
7
What is the greatest common factor of 303 and 404?
101
Calculate the highest common divisor of 33 and 27.
3
Calculate the highest common divisor of 143 and 77.
11
What is the greatest common factor of 403 and 13?
13
What is the greatest common factor of 2354 and 44?
22
What is the greatest common factor of 13938 and 414?
138
What is the greatest common factor of 96 and 72?
24
Calculate the greatest common factor of 546 and 42.
42
Calculate the highest common factor of 246 and 30.
6
Calculate the highest common factor of 250 and 10.
10
Calculate the greatest common factor of 8256 and 384.
192
Calculate the greatest common factor of 168 and 1827.
21
Calculate the greatest common factor of 40 and 10.
10
What is the greatest common factor of 37 and 15540?
37
Calculate the greatest common divisor of 19367 and 181.
181
Calculate the highest common divisor of 209 and 76.
19
Calculate the highest common factor of 384 and 588.
12
What is the greatest common factor of 16 and 216?
8
Calculate the greatest common factor of 8340 and 30.
30
What is the greatest common factor of 304 and 76?
76
What is the greatest common divisor of 371 and 159?
53
Calculate the highest common divisor of 1850 and 10.
10
What is the greatest common divisor of 36 and 10980?
36
Calculate the highest common factor of 68 and 16.
4
Calculate the greatest common divisor of 82 and 328.
82
Calculate the greatest common factor of 40 and 180.
20
Calculate the highest common divisor of 180 and 141.
3
What is the greatest common factor of 150 and 875?
25
Calculate the greatest common divisor of 4121 and 13.
13
What is the highest common factor of 426 and 6?
6
Calculate the greatest common factor of 440 and 25.
5
What is the greatest common factor of 79091 and 139?
139
What is the highest common divisor of 1276 and 87?
29
What is the highest common factor of 5440 and 40?
40
Calculate the highest common divisor of 107426 and 19.
19
What is the greatest common divisor of 16 and 168?
8
Calculate the highest common factor of 3 and 237.
3
What is the greatest common factor of 8426 and 66?
22
What is the highest common factor of 255 and 1479?
51
What is the greatest common factor of 8990 and 116?
58
What is the highest common factor of 1507 and 685?
137
Calculate the highest common divisor of 54 and 8046.
54
Calculate the greatest common divisor of 43 and 5.
1
What is the highest common factor of 100 and 3230?
10
What is the greatest common divisor of 341 and 110?
11
What is the greatest common divisor of 3585 and 30?
15
What is the greatest common divisor of 18 and 1278?
18
What is the greatest common factor of 68238 and 34?
34
Calculate the highest common divisor of 265 and 159.
53
What is the highest common divisor of 35048 and 104?
104
Calculate the highest common divisor of 1066 and 78.
26
Calculate the highest common factor of 995 and 40.
5
Calculate the highest common factor of 495 and 720.
45
Calculate the highest common divisor of 54 and 297.
27
Calculate the greatest common divisor of 3770 and 4680.
130
Calculate the highest common factor of 30458 and 314.
314
Calculate the highest common factor of 24 and 296.
8
What is the highest common factor of 4325 and 50?
25
Calculate the highest common factor of 64 and 64.
64
What is the highest common divisor of 2 and 2512?
2
What is the highest common divisor of 2128 and 133?
133
What is the highest common divisor of 46 and 3059?
23
Calculate the greatest common divisor of 32 and 8.
8
What is the greatest common divisor of 10275 and 75?
75
What is the highest common factor of 8 and 108?
4
Calculate the greatest common divisor of 169 and 195.
13
Calculate the greatest common divisor of 238 and 34.
34
What is the highest common factor of 51 and 8?
1
What is the greatest common factor of 99 and 1467?
9
What is the highest common factor of 3 and 954?
3
Calculate the greatest common factor of 182 and 42.
14
Calculate the greatest common factor of 2226 and 42.
42
What is the highest common factor of 24 and 1048?
8
Calculate the greatest common factor of 22920 and 120.
120
Calculate the highest common divisor of 1173 and 69.
69
What is the highest common factor of 16 and 1344?
16
What is the greatest common factor of 87 and 29?
29
What is the highest common divisor of 288 and 432?
144
Calculate the greatest common factor of 12 and 1308.
12
What is the highest common factor of 37 and 10138?
37
What is the greatest common divisor of 34 and 119?
17
What is the greatest common divisor of 8240 and 400?
80
What is the greatest common factor of 6566 and 49?
49
What is the highest common divisor of 1364 and 496?
124
What is the greatest common factor of 73 and 73?
73
What is the highest common divisor of 207 and 161?
23
Calculate the greatest common factor of 57 and 2451.
57
Calculate the greatest common factor of 7 and 67291.
7
What is the greatest common factor of 60 and 1620?
60
Calculate the greatest common divisor of 13 and 91.
13
What is the greatest common divisor of 128 and 24?
8
Calculate the greatest common factor of 19 and 5339.
19
What is the highest common divisor of 6 and 294?
6
Calculate the highest common divisor of 26 and 377.
13
What is the greatest common factor of 989 and 23?
23
What is the greatest common divisor of 6 and 114?
6
Calculate the highest common factor of 410 and 328.
82
Calculate the highest common factor of 47 and 47.
47
Calculate the greatest common factor of 22 and 5401.
11
What is the greatest common factor of 325 and 26?
13
What is the highest common factor of 243 and 567?
81
Calculate the greatest common divisor of 621 and 4752.
27
Calculate the greatest common factor of 405 and 315.
45
What is the highest common divisor of 740 and 520?
20
What is the greatest common factor of 30 and 1920?
30
What is the greatest common divisor of 70 and 80?
10
What is the highest common factor of 266 and 224?
14
Calculate the greatest common factor of 9580 and 40.
20
Calculate the greatest common divisor of 10 and 790.
10
What is the greatest common factor of 1198 and 1?
1
Calculate the highest common divisor of 105 and 2535.
15
Calculate the greatest common divisor of 546 and 11739.
273
What is the greatest common factor of 858 and 26?
26
What is the highest common divisor of 630 and 1995?
105
What is the highest common factor of 880 and 44?
44
What is the greatest common divisor of 2438 and 506?
46
C